ppose 6*c - 19 - 53 = 0. What is the highest common divisor of 78 and c?
6
Suppose 6*f = 10*f - 260. Calculate the greatest common divisor of f and 13.
13
Let p(v) = -v**2 - 4*v + 2. Let q be p(-4). Let g be (q - (2 - 3))/((-2)/(-14)). What is the highest common factor of 7 and g?
7
Let f(m) = -29*m - 1. Let t be f(-1). Let h(a) = -a**3 + 19*a**2 + 152*a + 20. Let c be h(25). What is the greatest common divisor of c and t?
14
Let h = 6 + -3. Let k be 3/2*(h + -1). Suppose -k*r = 5*p - 9 - 316, p - 109 = -r. Calculate the highest common divisor of r and 10.
10
Let f be 11 - (-2)/((0 - -3)/3). Suppose 100 = -3*h + f*h. Calculate the greatest common factor of 210 and h.
10
Let f(q) = q**2 - 26*q + 9. Let g be f(26). What is the greatest common factor of 243 and g?
9
Suppose 0 = 5*h - 5*q + 55, 5*h = -q - 91 + 12. Suppose k - 29 = -0*k. Let z = k + h. What is the greatest common divisor of z and 28?
14
Let o = -43 + 83. Let i = o + -27. Calculate the highest common factor of i and 117.
13
Suppose -4*n = -t + 99, -5*n - 2*t - 115 = 25. Let r = -15 - n. Suppose 2*h - r - 85 = 0. Calculate the highest common factor of 12 and h.
12
Let o be (-3 + (-22)/(-10))/(3/(-225)). Let c = -48 + o. What is the highest common factor of c and 24?
12
Suppose 20 = 10*f - 160. Calculate the greatest common divisor of f and 738.
18
Let d(c) = -3*c**3 - 4*c**2 + 12*c + 11. Let y be d(-3). Suppose 126 = l - 34. What is the highest common factor of y and l?
20
Let c = 227 + -189. Suppose 5*q - 871 = 4*y + 99, -2*y + 940 = 5*q. Calculate the greatest common factor of c and q.
38
Suppose 2*n - 5*m = -1 + 116, 4*n = 3*m + 251. What is the greatest common divisor of n and 507?
13
Let l = 327 + -191. Let d be (-12)/(-8) - (-28)/8. Suppose -d*t - 21 = -l. What is the greatest common divisor of t and 253?
23
Let d(w) = 5*w**3 - w**2 + 2*w - 2. Let h be d(1). Suppose 3*q = -h + 13. Suppose y + 96 = 5*y. What is the highest common divisor of q and y?
3
Let z be 50/(-10) + 4/2. Let i be (-7)/z*3/1. Let j(s) = 8*s - 1. Let b be j(8). Calculate the greatest common divisor of b and i.
7
Let r = 10 + -5. Suppose 19 = r*n + 2*a - 13, 3*a + 12 = 0. Calculate the greatest common divisor of n and 8.
8
Let i(h) = h**3 - 2*h**2 - 3*h + 10. Let z be i(3). Calculate the greatest common divisor of z and 80.
10
Suppose 42 = 10*q - 4*q. What is the highest common divisor of 28 and q?
7
Let j = 74 - 53. Suppose 0 = -2*y + 4. Suppose y*t + 0*t - 2*w - 20 = 0, -5*w = -t - 6. Calculate the highest common divisor of t and j.
7
Suppose 5*w = -2*h + 159 - 55, 0 = -4*h - 12. Let o(u) = u**2 + 25*u + 102. Let j be o(-5). What is the highest common divisor of j and w?
2
Suppose 693 = 42*u - 3469 - 374. Let p = -57 + 95. Suppose -p = -3*w - x - 0*x, -x + 26 = 2*w. What is the highest common factor of w and u?
12
Let a be -1*1/6*-2 - 62/(-3). Let v be (-2)/(((-16)/42)/4). Calculate the highest common divisor of v and a.
21
Suppose i - 102 = -5*n, -10*n + 5*n = -2*i - 111. Calculate the highest common divisor of 28 and n.
7
Let p be (-34)/102 + 74/6. What is the highest common divisor of p and 1524?
12
Let u = 250 + -172. Let d be (-2 - -1) + u/2. Suppose 3*s + d = 101. Calculate the highest common divisor of 14 and s.
7
Let i(p) = 15*p**2 + 4*p - 3. Let t be i(1). What is the greatest common factor of t and 184?
8
Let v(g) be the third derivative of g**5/15 - 11*g**3/6 + 3*g**2 + 9*g. Let h be v(6). What is the highest common factor of h and 19?
19
Let d = 1 - -34. Suppose -3*r = 5*b - 26, 0 = 4*r - 4*b + 16 - 40. Calculate the highest common factor of d and r.
7
Let t = -98 - -98. Suppose c + c - 18 = t. Calculate the highest common factor of 81 and c.
9
Let s = -73 + 123. Let n(y) = -y**2 - 13*y - 12. Let o be n(-11). What is the highest common factor of o and s?
10
Suppose 0 = 122*c - 125*c + 624. Calculate the highest common factor of c and 260.
52
Let h be (32/(-20))/(2/(-5)). Suppose -8 = -h*g + 152. What is the highest common divisor of g and 20?
20
Suppose -3*o - 5 = -26. Let i = -3 + o. What is the highest common factor of 8 and i?
4
Let i = 97 - 35. Let y = 216 + -61. What is the highest common factor of y and i?
31
Suppose z + 7*f - 105 = 2*f, 4*z = -3*f + 454. Let u = -94 + z. Calculate the highest common factor of 63 and u.
21
Suppose 14*a + 5*n = 19*a - 1730, 5*a = -4*n + 1694. What is the highest common factor of 76 and a?
38
Let f be 486 + (-4 - -3 - -2). Let i be f/3 - 6/18. Let x(y) = -y**3 + 7*y**2 - 8*y + 8. Let v be x(5). What is the greatest common factor of v and i?
18
Let y(w) = 44*w. Let j be y(4). Suppose -16012 + 16133 = 11*b. What is the highest common divisor of b and j?
11
Let x be (-9)/(1 - 2) + -2. Let t be (-91)/14*2 - -48. Calculate the greatest common factor of x and t.
7
Let z(v) = 52*v - 1. Let w be z(-3). Let y = -96 - w. Calculate the greatest common divisor of y and 488.
61
Let m(u) = u**3 - 107*u + 553. Let q be m(5). Suppose -5*z - 42 = -4*h, 0 = 4*h - 2*h + 5*z - 36. What is the greatest common factor of h and q?
13
Let p = 15 + -11. Suppose -p*q - 2 + 0 = h, -2*q - 50 = -3*h. What is the greatest common divisor of 154 and h?
14
Suppose -3*l = -4*k + 2492, -11*k + 8*k + 5*l = -1880. Calculate the greatest common factor of 248 and k.
124
Let j = -38 + 68. Let w be 28/(-10)*j/(-6). What is the greatest common factor of w and 35?
7
Suppose -2*f = -l - 4*f - 8, l - f + 2 = 0. Let p be 7 - l*4/(-8). Suppose 612 + 198 = p*w. Calculate the highest common factor of 18 and w.
18
Let z = -649 + 651. Calculate the greatest common divisor of z and 46.
2
Let h be 4/(-50) + 234052/650. What is the greatest common factor of 30 and h?
30
Suppose -3*m = -8*m + 10, 3*a + 28 = 5*m. Let y be (8/12)/(a/(-189)). Suppose -6*b + y = -5*b. What is the greatest common factor of 3 and b?
3
Let m(q) = -q - 4. Let l be m(-4). Suppose -4*y + 2*w = -l*w + 44, -8 = 4*w. Let p = y - -16. What is the greatest common divisor of p and 1?
1
Let h(b) = -4*b - 4*b**3 + 0*b**2 + 2 + 2*b**2 - 5*b**2 + 5*b**3. Let l be h(3). Let o be (-3)/(-15) - 158/l. What is the highest common factor of o and 32?
16
Let b = 2798 - 1559. Calculate the greatest common factor of 21 and b.
21
Suppose -30 + 260 = 2*h. Let x be 4/(-22) + 1102/11. Suppose 5*l = -0*l - 10, x = 4*q - 4*l. Calculate the greatest common factor of q and h.
23
Let b be 26*12/32*4. Let i be ((-390)/(-25))/((-6)/(-135)). What is the greatest common divisor of b and i?
39
Let s(x) = -9*x + 535. Let q be s(57). What is the greatest common divisor of 803 and q?
11
Let d(z) = -4*z + 13. Suppose i = 9 - 3. Let q be d(i). Let g = q - -20. Calculate the highest common divisor of g and 45.
9
Let l(a) = -3 + 0*a**2 + 3*a + a**3 - 7*a**2 + 0*a. Suppose 4*g - 3*w - 34 = 0, 2 = -3*w - 4. Let z be l(g). What is the greatest common divisor of 27 and z?
9
Let i be (2 - 5) + (-12)/(-4). Suppose -4*c + 2*h + 104 = i, h = 3*c - 2*h - 84. Suppose 0 = -3*v + 194 - 14. What is the highest common factor of v and c?
12
Let w = -108 - -315. Calculate the highest common factor of w and 23.
23
Suppose -21*j + 171 + 18 = 0. Suppose 3*z = 12, -j*m + 4*m = 3*z - 92. Calculate the greatest common divisor of 24 and m.
8
Let n be ((-22)/33)/((-2)/195). Let l = n - 61. Calculate the greatest common factor of 8 and l.
4
Let f be (-323)/(-10) + 18/(-60). Let s(g) = g**3 - 7*g**2 + 8*g - 4. Let o be s(6). Calculate the greatest common divisor of f and o.
8
Let k(j) = j**3 - 6*j**2 - 6*j + 11. Let f = -29 + 36. Let u be k(f). What is the greatest common factor of u and 90?
18
Let g be (-30)/12*(-3)/(-15)*-80. Let y(n) = n + 4. Let x be y(6). Calculate the greatest common divisor of x and g.
10
Let q(i) = -25*i**3 + i**2 - i - 1. Let s be q(-1). Let m = -55 - -55. Suppose 2*x + 212 - 784 = m. Calculate the greatest common divisor of s and x.
26
Suppose 2*k + 2*k - 40 = 0. Suppose -2*y = -n + 13, 4*n + y - k = 24. What is the highest common factor of 18 and n?
9
Suppose -9 + 19 = 10*l. Let q be (3/6)/(l/2)*99. Calculate the greatest common factor of q and 11.
11
Suppose -44*q + 45*q - 5*c + 3 = 0, 3*c + 1 = q. Let z = -94 - -171. Calculate the highest common factor of q and z.
7
Let z be 3/15*6039 - (-72)/60. What is the highest common factor of 13 and z?
13
Let p be 3*(2 + (-1)/3). S